ommon factor of 39816 and 6255378?
1422
Calculate the greatest common factor of 183724590 and 630.
210
Calculate the greatest common factor of 836 and 149777.
19
Calculate the highest common divisor of 861 and 3116533.
287
Calculate the greatest common divisor of 5275 and 327770565.
1055
What is the highest common divisor of 3247211 and 22?
11
Calculate the highest common divisor of 11736627 and 294.
147
Calculate the highest common factor of 40945 and 89595849.
8189
What is the greatest common factor of 882 and 14637231?
441
Calculate the greatest common divisor of 7292 and 40313822.
3646
Calculate the highest common divisor of 11180 and 131666.
86
What is the highest common divisor of 184 and 53222552?
184
What is the greatest common factor of 18814963 and 934?
467
Calculate the highest common factor of 2645 and 4911627.
23
What is the greatest common divisor of 231 and 11047509?
33
What is the highest common factor of 694264 and 1512?
8
Calculate the greatest common divisor of 162368 and 189802.
86
Calculate the greatest common divisor of 3619 and 541330020.
3619
Calculate the highest common factor of 6199497 and 2268.
81
Calculate the greatest common factor of 4329562 and 1683606.
2026
What is the highest common factor of 22 and 95926?
2
Calculate the greatest common divisor of 1254 and 2654145549.
627
What is the greatest common divisor of 33 and 178544014?
11
Calculate the highest common factor of 583942580 and 13.
13
What is the highest common factor of 591 and 107983383?
591
What is the greatest common factor of 416 and 666146?
26
What is the highest common factor of 11205 and 223020?
135
What is the greatest common factor of 17277 and 5603?
13
Calculate the highest common divisor of 7776 and 15968.
32
Calculate the greatest common factor of 141602 and 808.
202
Calculate the greatest common factor of 164736 and 130086.
198
What is the greatest common factor of 34887368 and 40?
8
What is the greatest common factor of 117 and 4041986?
13
Calculate the greatest common divisor of 357 and 332592743.
119
Calculate the greatest common factor of 3560 and 388000.
40
What is the highest common factor of 4524344 and 55?
11
Calculate the greatest common factor of 19 and 92013.
1
Calculate the highest common divisor of 4369 and 662546.
257
What is the greatest common factor of 2963 and 6097854?
2963
Calculate the greatest common divisor of 40467 and 1465422.
861
Calculate the highest common divisor of 11988 and 260554.
74
Calculate the greatest common factor of 83086299 and 538.
269
What is the greatest common factor of 380304 and 12073968?
2736
Calculate the greatest common divisor of 4612575 and 220275.
825
Calculate the greatest common divisor of 457450 and 34230.
70
What is the greatest common divisor of 4356 and 577236?
132
What is the highest common factor of 6222 and 14780544?
366
What is the highest common divisor of 1223608482 and 12?
6
Calculate the greatest common divisor of 105 and 2097445.
35
Calculate the highest common factor of 6672588 and 89700.
156
What is the greatest common factor of 13868 and 20736127?
3467
Calculate the highest common factor of 3841 and 596459.
23
Calculate the highest common divisor of 34160 and 1828432.
16
What is the highest common divisor of 115164 and 15060?
12
Calculate the greatest common divisor of 1521 and 1367717.
169
What is the greatest common divisor of 2728 and 77703329?
341
Calculate the highest common divisor of 408 and 14453004.
12
What is the greatest common divisor of 412727 and 74653049?
8423
Calculate the greatest common divisor of 220266 and 694386.
54
What is the highest common factor of 768 and 839744?
64
Calculate the highest common factor of 38450 and 75550.
50
Calculate the greatest common factor of 962688 and 627624.
552
What is the greatest common divisor of 57002330 and 385?
385
What is the greatest common factor of 141 and 1664411?
47
Calculate the greatest common divisor of 322 and 18400.
46
What is the greatest common factor of 4865 and 157765?
695
What is the highest common factor of 202587 and 9471?
231
What is the greatest common factor of 7 and 23626631?
7
What is the highest common factor of 8008821150 and 8601?
8601
Calculate the highest common divisor of 96 and 246349296.
48
What is the greatest common divisor of 691309164 and 39?
39
Calculate the highest common divisor of 559967230 and 30.
10
What is the highest common divisor of 133340 and 141476?
452
Calculate the greatest common factor of 76408311 and 84.
21
What is the highest common divisor of 42032 and 4085056?
1136
Calculate the greatest common divisor of 74437 and 641047.
1111
Calculate the highest common factor of 8814578 and 160.
2
What is the highest common factor of 1040 and 269828?
52
Calculate the greatest common divisor of 3795 and 13792735.
55
What is the greatest common factor of 1 and 76650367?
1
Calculate the highest common divisor of 139 and 3524067.
139
Calculate the greatest common factor of 12093 and 292317.
417
What is the highest common factor of 70176 and 146931?
2193
Calculate the greatest common factor of 1224 and 35668224.
72
Calculate the highest common factor of 294 and 3216507.
147
Calculate the highest common factor of 3175 and 14913864.
127
What is the greatest common factor of 1094584610 and 122?
122
Calculate the greatest common factor of 17795798 and 9610.
1922
Calculate the greatest common factor of 2409 and 46851.
3
What is the highest common divisor of 50840 and 24932920?
1640
What is the highest common factor of 31240577 and 17?
17
What is the greatest common divisor of 56791296 and 9216?
2304
Calculate the greatest common factor of 32503102 and 7593.
2531
Calculate the highest common factor of 17620 and 370139816.
3524
What is the highest common divisor of 236455060 and 9380?
1340
Calculate the highest common divisor of 443665 and 15575.
445
What is the greatest common divisor of 3575 and 300625?
325
Calculate the greatest common factor of 1473 and 1228.
1
What is the greatest common factor of 21282 and 7764383?
3547
Calculate the highest common divisor of 869904 and 62181.
63
Calculate the greatest common factor of 24751976 and 38081.
337
What is the highest common factor of 121000 and 4719?
121
Calculate the highest common divisor of 18 and 22453029.
9
Calculate the greatest common factor of 25378965 and 315.
45
Calculate the greatest common divisor of 373975 and 8225.
175
What is the highest common divisor of 13569 and 22981363?
4523
Calculate the highest common divisor of 1614728 and 231508.
124
What is the highest common divisor of 405675 and 612225?
675
What is the highest common divisor of 26158 and 5533319?
451
What is the highest common divisor of 751244 and 10348?
52
Calculate the greatest common factor of 873 and 4918579.
97
Calculate the highest common factor of 904527 and 910.
13
What is the highest common divisor of 184 and 73149292?
92
Calculate the highest common divisor of 598220306 and 1193.
1193
Calculate the greatest common divisor of 432 and 8697672.
216
Calculate the greatest common divisor of 894837711 and 3117.
3117
What is the highest common factor of 171 and 183324578?
19
What is the greatest common divisor of 287 and 7735634?
41
Calculate the highest common factor of 1886436 and 1026.
54
What is the highest common factor of 29213 and 76043?
223
Calculate the highest common divisor of 4240 and 827440.
80
What is the greatest common divisor of 14878 and 809776?
86
Calculate the highest common divisor of 118729 and 221.
13
Calculate the highest common divisor of 536 and 1237959.
67
What is the greatest common divisor of 15 and 52019265?
15
Calculate the greatest common factor of 2684363 and 1980.
11
Calculate the highest common factor of 3691102 and 4.
2
What is the highest common divisor of 54120192 and 2912?
224
Calculate the highest common factor of 111 and 893656486.
37
What is the highest common factor of 167293290 and 508?
254
What is the highest common divisor of 33745 and 17884?
17
What is the highest common factor of 5814 and 63462546?
342
Calculate the highest common divisor of 144796727 and 4645.
929
Calculate the greatest common factor of 693964 and 20.
4
Calculate the greatest common factor of 192717 and 26684.
7
What is the greatest com